7 - q + 8*q + 3*q + 0 - 12*q. Determine z(k).
-7
Let w(f) = -11*f**3 + 27*f**2 - 18*f + 59. Let t(r) = -8*r**3 + 27*r**2 - 13*r + 59. Let k(o) = 4*t(o) - 3*w(o). Determine k(-27).
5
Let g(i) = -i**3 + 5*i**2 - i + 8. Let w be g(2). Let r(a) = -a**2 + 12*a + 56. Determine r(w).
-52
Let w(g) = 2*g + g + 5 - 18 - 2*g. Let n be w(15). Let m(j) = 4*j + 5*j**n + 2 + 2*j - 7*j - 3. What is m(2)?
17
Let x = 171 + -160. Let w be 4 + 0 - (x + -13). Let j(d) be the first derivative of d**2/2 - 19. Determine j(w).
6
Let b(s) = -7*s - 4*s - 8*s**2 - 12*s + 19*s - 7. What is b(-4)?
-119
Let c(s) = s - 35. Let m(h) = -1. Let a(w) = 7. Let v(i) = -3*a(i) - 4*m(i). Let q(p) = 2*c(p) - 5*v(p). Determine q(-7).
1
Let f(h) be the first derivative of -h**4/4 - 5*h**3/3 - h**2 - 6*h - 162. Suppose 3*j = y - 6*y + 10, -2*j - 2*y = 0. Determine f(j).
4
Let q(w) = -w**3 - 61*w**2 + 61*w - 60. Let c be (-50)/(-45) - 1 - 3/((-81)/(-1677)). What is q(c)?
2
Let a be 1*(104/13 + -10). Let r(d) be the first derivative of d**4/8 + d**3/6 - 2*d**2 + 3. Let u(w) be the second derivative of r(w). Give u(a).
-5
Let y(b) = 13*b + b**3 + 2018 + 2013 - 20*b**2 - 6054 + 2019. What is y(19)?
-118
Let j be 1/((-84)/14 - (1 + -6)). Let t(x) = -46*x + 8. What is t(j)?
54
Let z be (-33 - -28)/(5 - (-8)/(-2)). Let x(a) = 5*a + 7. Let m(r) = -r - 1. Let n(f) = 6*m(f) + x(f). Let o(w) = 7*w + 1. Let s(t) = -6*n(t) - o(t). Give s(z).
-2
Suppose -2*w - w = 5*y + 15, -38 = 3*y - 4*w. Let j be (8/(-8) - y)*(-1 + 2). Let a(u) = -u**3 + 4*u**2 + 7*u - 5. What is a(j)?
5
Let f(p) be the first derivative of -p**3/3 - p**2 + 123*p + 2150. Calculate f(-12).
3
Let l(a) be the third derivative of -a**6/120 - a**5/12 + 5*a**4/24 - 5*a**3/6 - 3*a**2. Let z be (-5)/40*-8 - 1*-5. Suppose -s + 0 = z. What is l(s)?
1
Let f(z) = -3*z - 49. Suppose 153*t + 1360 = 68*t. Determine f(t).
-1
Let h(v) = -v**2 - 5*v + 2. Let d(r) = 11*r - 347. Let q be d(32). Suppose q*c - 25 = 0, 3*c + 13 = 2*x - 6*x. What is h(x)?
-12
Let j(x) = -x**2 - 12 + 3 + 7 - 10*x + 4. Let y = 117 - 127. Determine j(y).
2
Let z be 30*(-2 - 1)/(-9). Let j(u) = 4*u**3 - 9*u**2 - 11*u - 1. Let p(c) = 3*c**3 - 9*c**2 - 11*c + 1. Let r(t) = -2*j(t) + 3*p(t). What is r(z)?
-5
Let m(d) = -167*d**2 - 2*d - 9 + 79*d**2 - d + 87*d**2. Give m(6).
-63
Let b(d) = -d**2 - 3*d - 3. Let n(u) = 37*u - 94. Let i be n(-18). Let o = i + 758. What is b(o)?
-1
Let t be ((-90)/27 - -5)*27. Let u(c) = 47*c - 146*c + t*c + 22 + 49*c. What is u(5)?
-3
Let y = 8 + -8. Let m be y + (20/(-4) - -3). Let a(d) be the first derivative of -d**4/4 - 2*d**3/3 + d**2/2 + d - 129. Determine a(m).
-1
Let b be (-88 + 2)*(0 - (-2)/(-4)). Let w(m) = 25*m - b*m + 17*m - 9. Determine w(-4).
-5
Let r(z) = 2*z**2 + z - 3. Let g(x) = -5*x**2 - 3*x + 15. Let y(q) = 2*g(q) + 9*r(q). Determine y(-3).
66
Suppose -4*m + 4*d = -37 + 1, 4*m - 15 = -3*d. Let t(c) = 11*c + 11*c + 3 - 21*c. Determine t(m).
9
Let a(d) = 2*d**3 + d**2 + 2. Let g(x) = x**2 + 7*x + 4. Let i(j) = 12*j**2 + 51*j + 6. Let h be i(-4). Let s be g(h). Determine a(s).
-10
Let f(b) = b**3 + 10*b**2 - 5. Let l be f(-10). Let g(u) = -8903 + u**3 + 4*u**2 - 4*u + 4457 + 4443. Calculate g(l).
-8
Let c(b) be the second derivative of 5/6*b**3 - 11*b + 0 + 3*b**2 + 1/12*b**4. Suppose 3*a + 5*t + 0 + 5 = 0, t = -4*a - 18. Give c(a).
6
Let z(a) = -a**3 + 6*a**2 - 3*a - 4. Let i(b) = 29*b + 2527. Let l be i(-87). Determine z(l).
16
Let l(p) = 3*p**2 + p + 59. Let g(t) = t**2 - 2*t + 25. Let y(j) = 2*g(j) - l(j). What is y(-5)?
-9
Let q(b) be the second derivative of b**4/12 - 3*b**3/2 + 3*b**2/2 - 1621*b. Calculate q(9).
3
Let i = -77 + 88. Suppose 0 = 14*j - 25*j + i. Let g(l) = -30*l**2 - 1. Determine g(j).
-31
Let v(p) = 5*p + 6. Let c(i) = i + 1. Let l(u) = -4*c(u) + v(u). Let g(m) = -3*m**3 - 15*m**2 + 21*m + 20. Let b be g(-6). Calculate l(b).
4
Let j = -9 + 27. Let m be j/(-36) + 14/4. Let u(y) = 3 + 9 - 7 - y. What is u(m)?
2
Let q(p) = p**3 - 23*p**2 + 24*p - 33. Suppose -84*x - 13*x + 7*x + 1980 = 0. Determine q(x).
11
Suppose -91 + 58 = -11*n. Suppose 4*c = 2*k + 14, -18*c + 5*k + n = -16*c. Let h(s) = 0*s**2 + 5*s + 2*s - s**2 - 6. Calculate h(c).
6
Let f = 8 - 95. Let d = 9 + f. Let j = d - -86. Let v(a) = a - 2. What is v(j)?
6
Let i(r) = -2*r**2 - 4*r + 4. Suppose 17*n + 132 = -72. Let g be (-4)/n + (-70)/(-42). Determine i(g).
-12
Let r = 96 + -123. Let g = 39 + r. Suppose p + 4 - 2 = 0, 2*c + p = -g. Let x(f) = f**2 + 3*f - 6. Determine x(c).
4
Let y(g) = -g + 1. Let k be y(5). Let r(f) = -38 - 48 - 2*f + 127 - 39 - f**3 - 5*f**2. Give r(k).
-6
Let s(x) = -x + 42. Let z(g) = -9*g - 162. Let p(d) = 4*s(d) + z(d). What is p(4)?
-46
Let q(w) = w - 3. Suppose 3*r = -5*t + 8 + 36, 2*t + 8 = 2*r. Suppose -r*x = 85 - 61. Give q(x).
-6
Let q(f) = -141*f**2 + 505 - f**3 + 139*f**2 - 990 + 11*f + 496 + 6*f. What is q(-6)?
53
Let c(y) = y**2 + 33*y - 10. Let q(d) = -9*d**2 - 324*d + 100. Let i(l) = -29*c(l) - 3*q(l). Let o be (2/4)/(-1)*-14. What is i(o)?
-3
Let f(c) = c**3 + 2*c - 3*c**2 + 31 - 31. Let n be (672/238)/(-24) - 106/(-34). Give f(n).
6
Let v(d) = -d**3 + 17*d**2 - d + 38. Let x be (3/5)/((-12)/(-340)). Give v(x).
21
Suppose n - 5*d + 12 + 23 = 0, 0 = 2*d - 10. Let m be (2/(-6))/(n/780). Suppose 18*b = m*b + 80. Let w(z) = z**2 + 10*z + 7. Calculate w(b).
7
Let g(l) be the second derivative of -l**5/2 + l**4/6 + 27*l + 178. What is g(2)?
-72
Let h(c) be the second derivative of -3/2*c**2 - 1/4*c**4 + 44*c - 1/3*c**3 + 0. What is h(-3)?
-24
Let n(c) be the second derivative of 5/6*c**3 + 0*c**2 + 0 - 7/12*c**4 + 1/20*c**5 - 32*c. Determine n(6).
-6
Let f(x) = -2*x**2 + 76*x. Let h be f(38). Suppose -36*t + h*t - 108 = 0. Let g(w) be the second derivative of -w**3/6 - w. What is g(t)?
3
Suppose -15*t - 61 + 61 = -2*t. Let y(f) = f**3 - f**2 - f + 43. Give y(t).
43
Let o(r) = r + 4. Let l(b) = -2*b + 13. Let j be l(-7). Let q be (-8)/(-36) + 399/j. Suppose 0 = -16*a + 19*a + q. Give o(a).
-1
Let w be (-74)/20 + ((-645)/150 - (-8)/2). Let k(c) = -c**3 - 5*c**2 - 6*c + 5. Determine k(w).
13
Let r(v) = -7*v**2 - v**3 + 12*v + 30 - 12 + 0*v**3 - v. Let h be r(-8). Let u(g) = -4*g - 10. Let m(k) = -5*k - 11. Let t(n) = 3*m(n) - 4*u(n). What is t(h)?
1
Let d(q) be the third derivative of 0*q + 1/8*q**4 - 4*q**3 + 46*q**2 + 0. What is d(8)?
0
Let u(k) = 10*k**2 - 18*k**2 + 9*k**2 + 19 + 16*k. Let q be u(-14). Let j(t) = 3*t + 26. Calculate j(q).
-1
Let b(h) = 313 - 3*h**2 + 4*h**2 - 41*h + 28*h - 286. Give b(9).
-9
Let t(d) = 3*d + 72. Suppose 3*r = -o - 80, 3*r + 99 = 3*o + 27. Give t(r).
-6
Let v(f) be the second derivative of 5*f**3/6 - 39*f**2 - 2342*f. Determine v(16).
2
Suppose 5*o - 160 = -5*b, -5*b - 88 = -o - 2*o. Let z = o + -29. Let l(g) be the first derivative of -g**4/2 + g**3/3 + 2*g - 85. What is l(z)?
-10
Let t(o) = -2*o**2 + 2*o + 1. Let s(n) = -4*n**2 + n - 5. Let a(l) = -s(l) + t(l). Give a(-2).
12
Let t(s) = s**3 - 7*s**2 + 9*s - 10. Let l be t(7). Suppose -v = 21 - l. Suppose 12 = 10*o + v. Let j(x) = x**3 + 3*x**2 + 4*x + 3. What is j(o)?
-1
Suppose -8*q - 14*q = -264. Let x(m) = q + 14 - 18*m - 24. Calculate x(2).
-34
Let l = 15158 - 15166. Let q(h) = h**3 + 9*h**2 + 6*h - 22. Determine q(l).
-6
Let d(v) be the third derivative of v**5/60 - 5*v**4/6 + 33*v**3/2 - 8*v**2 + 5*v - 24. Determine d(8).
3
Let y(z) = 2*z**2 - 3*z - 130. Let r be y(9). Let s(j) = -3*j + 9. Determine s(r).
-6
Suppose 30*n + 16277 = 16157. Let y(r) = 3*r**2 + 7*r + 22. What is y(n)?
42
Let f(z) = -3*z + 5 + 0*z + 6*z - 4*z. Suppose -3*w + 2 + 58 = 0. Suppose w = -2*l + 8. Determine f(l).
11
Let x(y) = 13*y**3 + y**2 + 10*y - 1. Let i(h) = 12*h**3 + 2*h**2 + 14*h. Let k(t) = -2*i(t) + 3*x(t). Calculate k(1).
13
Suppose 2*p + 0*p - 4*s - 160 = 0, -4*s = 12. Let j = p + -76. Let o(t) = t**3 + t**2 + t + 1. Determine o(j).
-5
Let j(m) = -m**2 - 5*m + 8. Let t be (-170)/(-6)*3 - (-12)/(-4). Let s be t/(-14) - (-1)/(-7). Calculate j(s).
2
Let o(b) = -3*b + 0*b + 2 - 3*b - b**2. Let k = -8956 - -8949. Give o(k).
-5
Suppose 5*w - 2*w = 4*f - 85, -54 = -3*f - w. Suppose 3*u - 24 = -6. Let i(h) = 6 - h - f + u. Give i(-6).
-1
Suppose 2*f - 2*y + 0*y = 6, -f - 4*y - 7 = 0. Let k(n) = -11*n. Calculate k(f).
-11
Let q(p) = p**3 - 4746*p*